rime factors of 76171?
19, 211
List the prime factors of 1194.
2, 3, 199
List the prime factors of 14007.
3, 7, 23, 29
What are the prime factors of 278?
2, 139
What are the prime factors of 60249?
3, 7, 19, 151
List the prime factors of 336.
2, 3, 7
List the prime factors of 947.
947
What are the prime factors of 14830?
2, 5, 1483
List the prime factors of 5124.
2, 3, 7, 61
List the prime factors of 994.
2, 7, 71
What are the prime factors of 38497?
137, 281
What are the prime factors of 33270?
2, 3, 5, 1109
List the prime factors of 11003.
11003
What are the prime factors of 813?
3, 271
List the prime factors of 3744.
2, 3, 13
What are the prime factors of 37667?
7, 5381
What are the prime factors of 2435?
5, 487
What are the prime factors of 905?
5, 181
List the prime factors of 104101.
19, 5479
What are the prime factors of 4480?
2, 5, 7
What are the prime factors of 9957?
3, 3319
List the prime factors of 939.
3, 313
List the prime factors of 1880.
2, 5, 47
What are the prime factors of 19175?
5, 13, 59
List the prime factors of 2288.
2, 11, 13
List the prime factors of 7904.
2, 13, 19
List the prime factors of 18453.
3, 6151
What are the prime factors of 673?
673
What are the prime factors of 2516?
2, 17, 37
What are the prime factors of 69277?
13, 73
What are the prime factors of 21721?
7, 29, 107
List the prime factors of 7414.
2, 11, 337
List the prime factors of 2872.
2, 359
What are the prime factors of 24263?
19, 1277
What are the prime factors of 6629?
7, 947
List the prime factors of 49053.
3, 83, 197
What are the prime factors of 1074?
2, 3, 179
What are the prime factors of 688?
2, 43
What are the prime factors of 2941?
17, 173
What are the prime factors of 113220?
2, 3, 5, 17, 37
What are the prime factors of 9052?
2, 31, 73
List the prime factors of 134911.
7, 19273
What are the prime factors of 992?
2, 31
What are the prime factors of 27862?
2, 13931
List the prime factors of 1633.
23, 71
What are the prime factors of 14506?
2, 7253
What are the prime factors of 1125?
3, 5
What are the prime factors of 1213?
1213
What are the prime factors of 875?
5, 7
What are the prime factors of 988?
2, 13, 19
What are the prime factors of 7862?
2, 3931
List the prime factors of 2527.
7, 19
List the prime factors of 2146.
2, 29, 37
List the prime factors of 605.
5, 11
List the prime factors of 464.
2, 29
List the prime factors of 2075.
5, 83
List the prime factors of 676.
2, 13
What are the prime factors of 33451?
11, 3041
What are the prime factors of 679?
7, 97
What are the prime factors of 132523?
132523
List the prime factors of 17507.
7, 41, 61
List the prime factors of 11659.
89, 131
What are the prime factors of 4319?
7, 617
List the prime factors of 725.
5, 29
List the prime factors of 588.
2, 3, 7
List the prime factors of 10170.
2, 3, 5, 113
List the prime factors of 9556.
2, 2389
What are the prime factors of 1474?
2, 11, 67
List the prime factors of 98989.
11, 8999
List the prime factors of 995.
5, 199
What are the prime factors of 3822?
2, 3, 7, 13
List the prime factors of 3157.
7, 11, 41
What are the prime factors of 1904?
2, 7, 17
What are the prime factors of 3752?
2, 7, 67
List the prime factors of 54542.
2, 27271
List the prime factors of 400.
2, 5
What are the prime factors of 26624?
2, 13
List the prime factors of 13363.
7, 23, 83
What are the prime factors of 4089?
3, 29, 47
What are the prime factors of 115072?
2, 29, 31
What are the prime factors of 1604?
2, 401
List the prime factors of 1739.
37, 47
What are the prime factors of 32?
2
List the prime factors of 19359.
3, 239
What are the prime factors of 13957?
17, 821
What are the prime factors of 156603?
3, 52201
What are the prime factors of 24246?
2, 3, 449
What are the prime factors of 17163?
3, 1907
List the prime factors of 142908.
2, 3, 11909
What are the prime factors of 40495?
5, 7, 13, 89
List the prime factors of 2503.
2503
What are the prime factors of 3081?
3, 13, 79
What are the prime factors of 7430?
2, 5, 743
List the prime factors of 2716.
2, 7, 97
What are the prime factors of 54?
2, 3
List the prime factors of 12022.
2, 6011
What are the prime factors of 463?
463
What are the prime factors of 25782?
2, 3, 4297
What are the prime factors of 11558?
2, 5779
What are the prime factors of 755?
5, 151
What are the prime factors of 724?
2, 181
What are the prime factors of 1796?
2, 449
What are the prime factors of 19860?
2, 3, 5, 331
List the prime factors of 151.
151
List the prime factors of 27826.
2, 13913
What are the prime factors of 165926?
2, 82963
What are the prime factors of 1164?
2, 3, 97
What are the prime factors of 1805?
5, 19
List the prime factors of 3556.
2, 7, 127
What are the prime factors of 76?
2, 19
What are the prime factors of 2255?
5, 11, 41
What are the prime factors of 1115?
5, 223
List the prime factors of 35671.
35671
What are the prime factors of 65817?
3, 71, 103
What are the prime factors of 91?
7, 13
What are the prime factors of 94904?
2, 11863
What are the prime factors of 1209?
3, 13, 31
List the prime factors of 25624.
2, 3203
What are the prime factors of 24249?
3, 59, 137
List the prime factors of 347.
347
What are the prime factors of 17945?
5, 37, 97
List the prime factors of 68337.
3, 2531
What are the prime factors of 40088?
2, 5011
What are the prime factors of 4312?
2, 7, 11
List the prime factors of 23159.
23159
List the prime factors of 6468.
2, 3, 7, 11
List the prime factors of 645.
3, 5, 43
What are the prime factors of 1481?
1481
What are the prime factors of 5426?
2, 2713
List the prime factors of 870.
2, 3, 5, 29
List the prime factors of 5186.
2, 2593
List the prime factors of 167584.
2, 5237
What are the prime factors of 1479?
3, 17, 29
What are the prime factors of 47482?
2, 23741
List the prime factors of 23429.
7, 3347
List the prime factors of 492.
2, 3, 41
What are the prime factors of 518?
2, 7, 37
List the prime factors of 488.
2, 61
List the prime factors of 790.
2, 5, 79
List the prime factors of 644.
2, 7, 23
What are the prime factors of 123376?
2, 11, 701
What are the prime factors of 127482?
2, 3, 21247
What are the prime factors of 140?
2, 5, 7
What are the prime factors of 2310?
2, 3, 5, 7, 11
List the prime factors of 9483.
3, 29, 109
What are the prime factors of 1100?
2, 5, 11
List the prime factors of 49987.
7, 37, 193
List the prime factors of 18277.
7, 373
What are the prime factors of 6221?
6221
List the prime factors of 45701.
23, 1987
What are the prime factors of 1304?
2, 163
List the prime factors of 23252.
2, 5813
List the prime factors of 9476.
2, 23, 103
List the prime factors of 3443.
11, 313
List the prime factors of 180449.
37, 4877
What are the prime factors of 48130?
2, 5, 4813
What are the prime factors of 51689?
11, 37, 127
What are the prime factors of 53869?
103, 523
What are the prime factors of 4653?
3, 11, 47
What are the prime factors of 125547?
3, 41849
List the prime factors of 2205.
3, 5, 7
What are the prime factors of 1207?
17, 71
List the prime factors of 265.
5, 53
List the prime factors of 2363.
17, 139
What are the prime factors of 27848?
2, 59
What are the prime factors of 1580?
2, 5, 79
What are the prime factors of 11776?
2, 23
List the prime factors of 1131.
3, 13, 29
What are the prime factors of 55642?
2, 43, 647
List the prime factors of 4427.
19, 233
What are the prime factors of 9546?
2, 3, 37, 43
List the prime factors of 3813.
3, 31, 41
List the prime factors of 28472.
2, 3559
List the prime factors of 523.
523
What are the prime factors of 23952?
2, 3, 499
List the prime factors of 91395.
3, 5, 677
List the prime factors of 395.
5, 79
List the prime factors of 3615.
3, 5, 241
List the prime factors of 3510.
2, 3, 5, 13
What are the prime factors of 7430?
2, 5, 743
List the prime factors of 54792.
2, 3, 761
List the prime factors of 22277.
22277
List the prime factors of 25204.
2, 6301
List the prime factors of 38865.
3, 5, 2591
List the prime factors of 1428.
2, 3, 7, 17
List the prime factors of 21693.
3, 7, 1033
What are the prime factors of 1465?
5, 293
What are the prime factors of 52381?
7, 1069
List the prime factors of 10709.
10709
What are the prime factors of 221?
13, 17
List the prime factors of 4035.
3, 5, 269
List the 